hest common divisor of q and 8?
4
Suppose 4*f = -5*s + 674, 0*f + f = -3*s + 179. What is the greatest common divisor of 329 and f?
7
Suppose 4*x - 23 = -5*r, -3*x + 8*r = 4*r - 25. What is the greatest common divisor of 22 and x?
1
Let l be (6 + -2 - 4)/(-3 + 0). Suppose -3*b + 5*u + 133 - 27 = l, 146 = 4*b - 2*u. Calculate the highest common divisor of b and 37.
37
Let q(g) = -3*g**2 - g + 235. Let m be q(-9). What is the greatest common divisor of 1161 and m?
1
Let h(c) = 7*c**2 + 30*c + 5. Let d be h(-6). Suppose -75*b = -d*b + 58. What is the highest common divisor of b and 783?
29
Let h = 556 + -481. Calculate the greatest common factor of 625 and h.
25
Suppose -46*c + 174 = -48*c. Let z be 6 - (c/(-21) + (-3)/21). Suppose -z*l + 48 = -0*l. Calculate the greatest common divisor of 60 and l.
12
Suppose 3*p - 6 = 0, 4*p = 5*i - 818 - 479. Suppose 0 = -8*v + 3*v + 145. What is the highest common factor of i and v?
29
Let w be (-77)/(-308) + (-69)/(-12). What is the greatest common divisor of 3378 and w?
6
Suppose 0 = -5*l - 173 - 6017. Let s = l - -1901. Calculate the greatest common divisor of s and 34.
17
Let u be 18/(-7)*3013416/(-324). What is the highest common factor of 12 and u?
12
Suppose 0 = 70*b - 3025 - 685. Calculate the highest common factor of b and 21253.
53
Suppose -4*f + 37 = -2*w + 69, 4*w = 3*f + 49. Let z(l) = -10*l. Let j be z(-4). Suppose 3*g = -g + j. Calculate the highest common factor of g and w.
10
Let q = -11127 - -20535. Calculate the highest common divisor of 147 and q.
147
Suppose -3*d - 4*x + 2256 = 0, 5*d + 91 - 3805 = x. Calculate the highest common divisor of d and 279.
93
Suppose 1013*t = 1026*t - 2275. What is the highest common divisor of 910 and t?
35
Let s = 4378 + -4308. What is the greatest common divisor of s and 7210?
70
Let t(f) = f**2 + 18*f - 23. Let r be t(-19). Let z be -2*(-2406)/84 - r/(-14). Calculate the highest common factor of z and 456.
57
Suppose -4*z + 3*f + 675 = 0, 4*f + 564 = 5*z - 280. What is the highest common factor of z and 126?
42
Let k(s) = -27*s + 16 - 6*s - s + 4*s. Let d be k(-8). Let p(o) = 9*o + 14. Let x be p(2). Calculate the highest common divisor of d and x.
32
Suppose -5*y = 5*k - 170, 0 = -17*k + 13*k - 2*y + 128. Suppose m - 795 = -5*i, -3*m = k*i - 25*i - 795. Calculate the highest common divisor of 583 and i.
53
Let r(w) = 250*w + 782. Let s be r(-3). Calculate the greatest common divisor of s and 4856.
8
Let f be -10 - -9 - 10*-1. Let n(a) = 56*a**3 + 3*a**2 - 4*a + 3. Let x be n(1). Suppose -x*h - 36 = -64*h. Calculate the highest common divisor of h and f.
3
Let x = 38488 + -6569. What is the greatest common factor of x and 59?
59
Suppose 0 = 10*u - 15*u + 40. Suppose 4*q + u - 12 = 0. Let w = 13 - 10. Calculate the greatest common divisor of w and q.
1
Let m = 667 + -658. Let q be 6/(8/(-3 + 7)). Calculate the highest common factor of m and q.
3
Let b be (-8)/(-3)*4*3. Let j be 6*1 + (-1 - (-4 - -6)). Let w be (-135 - -132)/(j/(-4)). Calculate the greatest common divisor of b and w.
4
Suppose 0 = -4*h - 5*t + 90, -19*t - 69 = -3*h - 22*t. Suppose 4*i + 21 - h = 0, 5*o - 8 = 2*i. Calculate the highest common factor of o and 118.
2
Suppose 1065 + 1476 = 7*s. Suppose -z - 5*y = -3*y - 27, -2*z - y = -63. Calculate the highest common divisor of z and s.
33
Suppose -s - 8 + 2 = -2*n, -5*n = 2*s - 15. Suppose 5*r + 5*d = n*r + 405, 3*r + 2*d - 602 = 0. Calculate the greatest common divisor of r and 20.
20
Suppose 1177471 - 7855 = 168*z. Calculate the highest common factor of z and 118.
118
Let p(f) = -135*f - 6. Let d be p(-6). Suppose -n + 6*b + 66 = 0, 4*n - 69 + 30 = -b. Calculate the greatest common factor of d and n.
12
Let y = -4890 + 9642. What is the highest common divisor of y and 66?
66
Let r be 21 + 2 - (5 - (5 - -2)). Calculate the greatest common factor of r and 445.
5
Suppose -q + 5*v - 159 = -55, 0 = -q + 2*v - 92. Let r = -149 - q. Let z be 16/(-20)*r/2. Calculate the highest common divisor of 39 and z.
13
Suppose -160 = -16*v + 64. Let z = v + 146. Let o = -4 - -36. What is the highest common factor of z and o?
32
Let u(k) = 2*k**2 + k - 1. Let z be u(4). Suppose 3*j - 2*o = -253, 3*j + 5*o = j - 156. Let q = j + 88. What is the greatest common divisor of z and q?
5
Suppose -21*h - 152 + 5 = 0. Let z be 1 - h/(41/10 + -4). Calculate the highest common divisor of z and 142.
71
Let i(a) = -5*a**2 + 4*a**2 + 10 - 11 + 21*a - 25. Let y be i(18). Suppose -14*j + 10*j + y = 0. What is the greatest common factor of 77 and j?
7
Let r = 8 - 1. Suppose 2*d - r*d = 4*c - 44, -4*c - 2*d + 56 = 0. Calculate the highest common factor of c and 12.
4
Let l = 150 - 80. Let t = -40 + l. Let u(f) = f**2 + 8*f + 6. Let g be u(-9). Calculate the highest common divisor of t and g.
15
Let n(y) = -y**3 + y. Let a be n(-1). Suppose 3*o - 28 - 47 = a. Suppose -20 = -29*x + o*x. What is the highest common divisor of x and 50?
5
Let d = 19 + -3. Suppose -y + 18 = 2*u, -4*u - 38 + 2 = -2*y. Suppose l = -s + y, -s + l + 20 = 6. Calculate the greatest common factor of d and s.
16
Let s = 6 - 33. Let h be s/(-2)*(-16)/(-6). Suppose 0 = 4*b + 4*v - 56, 13*b - 3 = 11*b + 3*v. Calculate the highest common factor of h and b.
9
Suppose -51352 = 37*h - 142240 - 96036. Calculate the highest common factor of h and 2.
2
Suppose 5*p - t + 189 = -16, -2*p + t = 79. Suppose 1212 - 36 = -14*n. Let s = p - n. What is the greatest common factor of s and 147?
21
Suppose 0 = 5*n - 5*l - 5 - 55, 0 = -3*n + l + 40. Let u = 27 - n. What is the highest common divisor of u and 1?
1
Let i be -5*(-2)/11*11. Let b be (78 - -1) + (0 - -1). What is the greatest common factor of i and b?
10
Let n(r) = -12*r**2 + 85*r + 6. Let a be n(7). Let k(y) = -2*y**2 + 92*y - 22. Let p be k(a). What is the highest common factor of p and 44?
44
Let w(n) = 4*n**2 - 112*n - 48. Let i be w(29). Let y = 2892 - 1600. Calculate the highest common factor of i and y.
68
Let f(o) = -16*o - 2190. Let z be f(-143). Calculate the highest common factor of z and 301.
7
Suppose u - 106 - 44 = 0. Let k = 160 - u. What is the highest common divisor of 80 and k?
10
Suppose 137 = 8*x - 103. Let u = x + -15. Suppose -z - 21 = -2*d, 5*z + u = -0. What is the highest common divisor of d and 63?
9
Let j be 4/10 + (2 - (-568)/5). Let i be 44 + (2 - 0) - (1 + 1). Let q = j - i. Calculate the highest common divisor of q and 9.
9
Suppose -v = -2*o - 115, 4*o = 693*v - 696*v + 325. What is the highest common factor of 2701 and v?
37
Let t(z) = z**3 + 7*z**2 + 6*z + 22. Let c be t(-5). Suppose 14*a - 490 - 686 = 0. What is the greatest common factor of a and c?
42
Let y be (-2)/(-60)*35 + (-242096)/(-96). Calculate the greatest common factor of y and 9.
3
Let h be (1/(-2))/(3 + (-19)/6). Let c(d) = -7*d**2 - 4 + 4*d + 0*d**3 - d**h + 14*d**2. Let z be c(7). Calculate the highest common divisor of z and 192.
24
Let r = 1512 + -864. Suppose 203*n = 206*n - r. What is the greatest common factor of n and 8?
8
Suppose -2*a = -162*k + 163*k - 6615, 2*k + a - 13245 = 0. Calculate the greatest common factor of k and 50.
25
Suppose -g = -2*j + 7, 0 = 4*j - g + 4*g - 29. Let n(s) = 3*s**3 + 5*s**2 - 9*s + 1. Let c be n(j). What is the highest common factor of c and 24?
24
Let p(u) = -13*u + 27. Let d = 3 + -16. Let y be p(d). Suppose -13*v + 9*v = -112. What is the greatest common divisor of v and y?
28
Let s(k) = -3*k**2 - 20*k - 49. Let g be s(-7). Let v be 3 + (-12)/(-21) - 24/g. What is the greatest common factor of 72 and v?
4
Suppose -8168 - 7092 = -109*m. Calculate the highest common factor of 185 and m.
5
Suppose -5*j - 6*v + 2*v = -1095, 0 = j - 3*v - 219. Suppose 49*b + 567 = 616. Let p be j*1/3 - (-1 - b). Calculate the greatest common factor of p and 15.
15
Let s be (-2)/5 - (-831)/15. Suppose -35*y + 19157 = 13*y - 1963. Calculate the highest common factor of s and y.
55
Suppose 0 = 8*r - r + 1169. Let n = 387 + r. Let b be (196/5)/2 + 20/50. What is the highest common divisor of b and n?
20
Suppose -104 = -k + 5*f, -22 = -k + 3*f + 76. Let o = k - 85. Let m = 86 - 54. Calculate the highest common divisor of m and o.
4
Let m(h) = 1 + 26*h - 4 + 35*h - 20*h - 28*h. Let y be 0 - (0 - 0 - 1). Let r be m(y). What is the highest common factor 